{"id":148,"date":"2023-07-23T15:39:43","date_gmt":"2023-07-23T13:39:43","guid":{"rendered":"https:\/\/leajung.net\/?page_id=148"},"modified":"2025-09-17T13:02:57","modified_gmt":"2025-09-17T11:02:57","slug":"seminare-und-workshops","status":"publish","type":"page","link":"https:\/\/leajung.net\/?page_id=148","title":{"rendered":"Seminare und Workshops"},"content":{"rendered":"\n<p>Ich lehr(t)e an der Universit\u00e4t Siegen, der Hochschule f\u00fcr Musik und Tanz K\u00f6ln sowie der Universit\u00e4t Koblenz-Landau in verschiedenen Studieng\u00e4ngen und mit einem Schwerpunkt an den Schnittstellen von Musikwissenschaft\/ Popular Music Studies und Gender Studies.<\/p>\n\n\n\n<h4 class=\"wp-block-heading\">Wissenschaftliche Seminare<\/h4>\n\n\n\n<div class=\"wp-block-columns is-layout-flex wp-container-core-columns-is-layout-28f84493 wp-block-columns-is-layout-flex\">\n<div class=\"wp-block-column is-layout-flow wp-block-column-is-layout-flow\" style=\"flex-basis:33.33%\">\n<p>Universit\u00e4t Siegen<\/p>\n<\/div>\n\n\n\n<div class=\"wp-block-column is-layout-flow wp-block-column-is-layout-flow\" style=\"padding-top:0;padding-right:0;padding-bottom:0;padding-left:0;flex-basis:80%\">\n<ul class=\"wp-block-list\">\n<li>Musikorte. Ethnografische Explorationen in Siegen.<\/li>\n\n\n\n<li>Musical Cyborgs<\/li>\n\n\n\n<li>K\u00f6rper.Interaktion.Popul\u00e4re Musik &#8211; Seminar und Tagungsbesuch<\/li>\n\n\n\n<li>Digitale Musikproduktion in Gleichstellungsprojekten\/Kooperationen mit Maya Consuelo Sternel und Angelika Lepper<\/li>\n\n\n\n<li>\u201eGirls just wanna have \u2026?&#8220; Popul\u00e4re Musik und Feminismus &#8211; Seminar und <a rel=\"noreferrer noopener\" href=\"https:\/\/www.musik.uni-siegen.de\/mitarbeiter\/kuenstwissmitarbeiter\/jung\/vortragsreihe.html?lang=de\" target=\"_blank\">Vortragsreihe<\/a><\/li>\n\n\n\n<li>Geschlechterinszenierungen in Musikvideos<\/li>\n<\/ul>\n\n\n\n<ul class=\"wp-block-list\">\n<li>Gender.Musik.Technologie.<\/li>\n<\/ul>\n<\/div>\n<\/div>\n\n\n\n<div class=\"wp-block-columns is-layout-flex wp-container-core-columns-is-layout-28f84493 wp-block-columns-is-layout-flex\">\n<div class=\"wp-block-column is-layout-flow wp-block-column-is-layout-flow\" style=\"flex-basis:33.33%\">\n<p>Hochschule f\u00fcr Musik und Tanz K\u00f6ln<\/p>\n<\/div>\n\n\n\n<div class=\"wp-block-column is-layout-flow wp-block-column-is-layout-flow\" style=\"padding-top:0;padding-right:0;padding-bottom:0;padding-left:0;flex-basis:80%\">\n<ul class=\"wp-block-list\">\n<li>&#8222;Einfach nur Musikwissenschaft?&#8220; Forschungswerkstatt Diskursanalyse zur Verortung der Musikwissenschaft<\/li>\n\n\n\n<li>(Anti-)Kanonisierungen? <\/li>\n\n\n\n<li>Cyborgkonzepte als Herausforderungen f\u00fcr Musikwissenschaft und -praxis, verankert im&nbsp;<a rel=\"noreferrer noopener\" href=\"https:\/\/fkf.hfmt-koeln.de\/fileadmin\/user_upload\/flyer_fkf_am_ende_welt_2022_web.pdf\" target=\"_blank\">Labor K\u00fcnstlerische Forschung<\/a><\/li>\n\n\n\n<li>Gesichter zeigen \u2013 Vielfalt st\u00e4rken: Ein Podcastseminar (4 Semester)<\/li>\n\n\n\n<li>Geschlechterinszenierungen in Musikvideos<\/li>\n<\/ul>\n\n\n\n<ul class=\"wp-block-list\">\n<li><\/li>\n<\/ul>\n<\/div>\n<\/div>\n\n\n\n<div class=\"wp-block-columns is-layout-flex wp-container-core-columns-is-layout-28f84493 wp-block-columns-is-layout-flex\">\n<div class=\"wp-block-column is-layout-flow wp-block-column-is-layout-flow\" style=\"flex-basis:33.33%\">\n<p>Universit\u00e4t Koblenz-Landau<\/p>\n<\/div>\n\n\n\n<div class=\"wp-block-column is-layout-flow wp-block-column-is-layout-flow\" style=\"padding-top:0;padding-right:0;padding-bottom:0;padding-left:0;flex-basis:80%\">\n<ul class=\"wp-block-list\">\n<li>Lehrveranstaltungen im Prop\u00e4deutikum, bspw. Wissenschaftliche Arbeits- und Lerntechniken, Organisiert ins Studium und Pr\u00e4sentationstechniken<\/li>\n<\/ul>\n<\/div>\n<\/div>\n\n\n\n<h4 class=\"wp-block-heading\">Workshops<\/h4>\n\n\n\n<p>Neben wissenschaftlichen Seminaren freue ich mich immer in Workshops und Veranstaltungen R\u00e4ume f\u00fcr kreatives Arbeiten, konstruktive Diskussionen und Reflexionen zu schaffen. Gemeinsam mit der jeweiligen Gruppe arbeite ich daran, ein Arbeitsumfeld zu schaffen, in dem Zug\u00e4nge &#8211; thematisch und pers\u00f6nlich &#8211; erm\u00f6glicht, Machtstrukturen kritisch hinterfragt und so der konstruktive Umgang miteinander gest\u00e4rkt werden.<\/p>\n\n\n\n<p><\/p>\n","protected":false},"excerpt":{"rendered":"<p>Ich lehr(t)e an der Universit\u00e4t Siegen, der Hochschule f\u00fcr Musik und Tanz K\u00f6ln sowie der Universit\u00e4t Koblenz-Landau in verschiedenen Studieng\u00e4ngen und mit einem Schwerpunkt an den Schnittstellen von Musikwissenschaft\/ Popular Music Studies und Gender Studies. Wissenschaftliche Seminare Universit\u00e4t Siegen Hochschule f\u00fcr Musik und Tanz K\u00f6ln Universit\u00e4t Koblenz-Landau Workshops Neben wissenschaftlichen Seminaren freue ich mich immer [&hellip;]<\/p>\n","protected":false},"author":1,"featured_media":0,"parent":0,"menu_order":0,"comment_status":"closed","ping_status":"closed","template":"","meta":{"footnotes":""},"class_list":["post-148","page","type-page","status-publish","hentry"],"_links":{"self":[{"href":"https:\/\/leajung.net\/index.php?rest_route=\/wp\/v2\/pages\/148","targetHints":{"allow":["GET"]}}],"collection":[{"href":"https:\/\/leajung.net\/index.php?rest_route=\/wp\/v2\/pages"}],"about":[{"href":"https:\/\/leajung.net\/index.php?rest_route=\/wp\/v2\/types\/page"}],"author":[{"embeddable":true,"href":"https:\/\/leajung.net\/index.php?rest_route=\/wp\/v2\/users\/1"}],"replies":[{"embeddable":true,"href":"https:\/\/leajung.net\/index.php?rest_route=%2Fwp%2Fv2%2Fcomments&post=148"}],"version-history":[{"count":8,"href":"https:\/\/leajung.net\/index.php?rest_route=\/wp\/v2\/pages\/148\/revisions"}],"predecessor-version":[{"id":280,"href":"https:\/\/leajung.net\/index.php?rest_route=\/wp\/v2\/pages\/148\/revisions\/280"}],"wp:attachment":[{"href":"https:\/\/leajung.net\/index.php?rest_route=%2Fwp%2Fv2%2Fmedia&parent=148"}],"curies":[{"name":"wp","href":"https:\/\/api.w.org\/{rel}","templated":true}]}}